8?
4
What is the thousands digit of 279628?
9
What is the units digit of 370426?
6
What is the units digit of 5848356?
6
What is the tens digit of 3311176?
7
What is the hundred thousands digit of 8716001?
7
What is the units digit of 301248?
8
What is the hundreds digit of 82964?
9
What is the ten thousands digit of 776166?
7
What is the ten thousands digit of 2061945?
6
What is the ten thousands digit of 64658?
6
What is the hundreds digit of 261632?
6
What is the hundreds digit of 453628?
6
What is the hundreds digit of 427118?
1
What is the ten thousands digit of 725775?
2
What is the units digit of 1882267?
7
What is the ten thousands digit of 316418?
1
What is the tens digit of 8982589?
8
What is the ten thousands digit of 18364363?
6
What is the tens digit of 524628?
2
What is the hundreds digit of 7233077?
0
What is the tens digit of 71403?
0
What is the thousands digit of 23092856?
2
What is the tens digit of 3196976?
7
What is the thousands digit of 383254?
3
What is the ten thousands digit of 26525019?
2
What is the ten thousands digit of 1812367?
1
What is the units digit of 5004424?
4
What is the millions digit of 3930724?
3
What is the hundred thousands digit of 8416095?
4
What is the hundreds digit of 92953?
9
What is the hundreds digit of 87150?
1
What is the thousands digit of 16063?
6
What is the units digit of 1622740?
0
What is the thousands digit of 729419?
9
What is the thousands digit of 35050761?
0
What is the units digit of 706624?
4
What is the ten thousands digit of 594452?
9
What is the units digit of 136505?
5
What is the ten millions digit of 11265750?
1
What is the thousands digit of 656782?
6
What is the ten thousands digit of 1058746?
5
What is the units digit of 760103?
3
What is the hundreds digit of 172627?
6
What is the units digit of 16968854?
4
What is the tens digit of 649809?
0
What is the ten thousands digit of 223561?
2
What is the hundreds digit of 542237?
2
What is the hundred thousands digit of 184318?
1
What is the hundred thousands digit of 2262784?
2
What is the tens digit of 4784099?
9
What is the thousands digit of 879545?
9
What is the hundreds digit of 206624?
6
What is the ten thousands digit of 3358059?
5
What is the thousands digit of 23420479?
0
What is the hundreds digit of 2023785?
7
What is the hundreds digit of 2591022?
0
What is the tens digit of 3087125?
2
What is the hundred thousands digit of 287181?
2
What is the thousands digit of 1053957?
3
What is the thousands digit of 57850?
7
What is the millions digit of 22282926?
2
What is the hundreds digit of 523272?
2
What is the units digit of 666027?
7
What is the hundred thousands digit of 2115491?
1
What is the ten thousands digit of 256304?
5
What is the thousands digit of 3869610?
9
What is the units digit of 6420379?
9
What is the thousands digit of 277422?
7
What is the thousands digit of 622958?
2
What is the millions digit of 1398528?
1
What is the tens digit of 293342?
4
What is the hundred thousands digit of 1103718?
1
What is the tens digit of 32390?
9
What is the thousands digit of 735075?
5
What is the tens digit of 438040?
4
What is the units digit of 485826?
6
What is the hundred thousands digit of 1518831?
5
What is the units digit of 751993?
3
What is the thousands digit of 216706?
6
What is the millions digit of 15744878?
5
What is the units digit of 925627?
7
What is the hundreds digit of 5687399?
3
What is the ten thousands digit of 249732?
4
What is the hundreds digit of 300224?
2
What is the hundreds digit of 6983124?
1
What is the hundreds digit of 24331636?
6
What is the hundreds digit of 74493?
4
What is the units digit of 4173761?
1
What is the units digit of 352636?
6
What is the thousands digit of 985171?
5
What is the hundreds digit of 3735827?
8
What is the units digit of 116987?
7
What is the units digit of 5925784?
4
What is the units digit of 331704?
4
What is the units digit of 165194?
4
What is the hundred thousands digit of 346582?
3
What is the thousands digit of 2346847?
6
What is the units digit of 384023?
3
What is the units digit of 256849?
9
What is the units digit of 2315148?
8
What is the hundreds digit of 533246?
2
What is the tens digit of 9113304?
0
What is the ten thousands digit of 612180?
1
What is the hundred thousands digit of 1509067?
5
What is the ten thousands digit of 307860?
0
What is the millions digit of 5995223?
5
What is the thousands digit of 37194874?
4
What is the tens digit of 289838?
3
What is the hundreds digit of 602480?
4
What is the units digit of 991267?
7
What is the units digit of 1130709?
9
What is the tens digit of 2669261?
6
What is the thousands digit of 849402?
9
What is the units digit of 93376?
6
What is the millions digit of 9531284?
9
What is the hundreds digit of 839930?
9
What is the tens digit of 683137?
3
What is the tens digit of 715415?
1
What is the ten thousands digit of 3763261?
6
What is the millions digit of 22007923?
2
What is the thousands digit of 220522?
0
What is the hundred thousands digit of 476982?
4
What is the tens digit of 1016472?
7
What is the ten thousands digit of 3508691?
0
What is the hundred thousands digit of 4581297?
5
What is the thousands digit of 1236310?
6
What is the units digit of 305589?
9
What is the ten thousands digit of 212618?
1
What is the millions digit of 1327629?
1
What is the ten thousands digit of 13925?
1
What is the units digit of 517313?
3
What is the hundred thousands digit of 8041686?
0
What is the hundreds digit of 160735?
7
What is the hundreds digit of 11752661?
6
What is the ten thousands digit of 1632117?
3
What is the ten thousands digit of 7769118?
6
What is the hundred thousands digit of 579452?
5
What is the hundred thousands digit of 1317291?
3
What is the tens digit of 22997?
9
What is the millions digit of 3583143?
3
What is the tens digit of 185940?
4
What is the hundreds digit of 809604?
6
What is the ten thousands digit of 15863390?
6
What is the units digit of 2641053?
3
What is the units digit of 16145639?
9
What is the hundred thousands digit of 454607?
4
What is the units digit of 771546?
6
What is the ten thousands digit of 129550?
2
What is the ten thousands digit of 2846823?
4
What is the hundred thousands digit of 468914?
4
What is the millions digit of 9303135?
9
What is the thousands digit of 1710806?
0
What is the millions digit of 17737793?
7
What is the thousands digit of 987744?
7
What is the tens digit of 113419?
1
What is the hundreds digit of 750172?
1
What is the tens digit of 434394?
9
What is the millions digit of 1162992?
1
What is the ten thousands digit of 651812?
5
What is the hundreds digit of 180273?
2
What is the units digit of 558440?
0
What is the millions digit of 17453512?
7
What is the ten millions digit of 13913920?
1
What is the thousands digit of 13019511?
9
What is the thousands digit of 16503631?
3
What is the ten thousands digit of 2090962?
9
What is the hundreds digit of 3043621?
6
What is the millions digit of 2946258?
2
What is the ten millions digit of 11829568?
1
What is the hundred thousands digit of 711538?
7
What is the ten thousands digit of 5113889?
1
What is the tens digit of 4292810?
1
What is the thousands digit of 1927936?
7
What is the tens digit of 2946127?
2
What is the millions digit of 2343528?
2
What is the millions digit of 7744641?
7
What is the units digit of 23213925?
5
What is the hundreds digit of 2522525?
5
What is the hundreds digit of 225532?
5
What is the ten thousands digit of 1026835?
2
What is the units digit of 2808315?
5
What is the tens digit of 253380?
8
What is the thousands digit of 588183?
8
What is the thousands digit of 169384?
9
What is the units digit of 108503?
3
What is the tens digit of 363490?
9
What is the thousands digit of 5842058?
2
What is the ten thousands digit of 6687410?
8
What is the thousands digit of 5097039?
7
What is the thousands digit of 7749521?
9
What is the hundreds digit of 485221?
2
What is the ten thousands digit of 87350?
8
What is the millions digit of 2203381?
2
What is the millions digit of 4728735?
4
What is the hundreds digit of 167320?
3
What is the hundred thousands digit of 304894?
3
What is the tens digit of 624338?
3
What is the hundred thousands digit of 395573?